{"id":1126,"date":"2017-08-24T17:26:17","date_gmt":"2017-08-24T23:26:17","guid":{"rendered":"http:\/\/portal.elrobletapalpa.com.mx\/?page_id=1126"},"modified":"2017-08-29T18:44:54","modified_gmt":"2017-08-30T00:44:54","slug":"servicios-de-emergencias","status":"publish","type":"page","link":"https:\/\/elrobletapalpa.com.mx\/portal\/?page_id=1126","title":{"rendered":"SERVICIOS DE EMERGENCIAS"},"content":{"rendered":"<h3><strong>Secretar\u00eda de Turismo<\/strong><\/h3>\n<p>Portal Morelos s\/n<br \/>\nPlaza Principal Centro.<br \/>\nTapalpa, Jalisco, M\u00e9xico.<br \/>\nTel\u00e9fonos:<br \/>\n01(343) 432-0650 ext.125<\/p>\n<p>&nbsp;<\/p>\n<h3><strong>Protecci\u00f3n Civil y bomberos <\/strong><\/h3>\n<p>Hospital en Tapalpa, M\u00e9xico<br \/>\nDirecci\u00f3n: Carretera Guadalajara &#8211; Tapalpa, El Calabozo, 45640 Tapalpa, Jal.<br \/>\nTel\u00e9fono: 01 343 432 0363<br \/>\n<a href=\"https:\/\/www.google.com.mx\/maps\/dir\/''\/''\/data=!4m5!4m4!1m0!1m2!1m1!1s0x84259aee1368b2e3:0x48582a0996d088f7?sa=X&amp;ved=0ahUKEwim8Ynhv4rVAhUo5oMKHQnhA10Q9RcICjAA\">Ver mapa<\/a><\/p>\n<p>&nbsp;<\/p>\n<h3><strong>Presidencia Municipal<\/strong><\/h3>\n<p>Titular: Lic. Carlos Campos de la Torre<br \/>\nDomicilio: Agust\u00edn Y\u00e1\u00f1ez #2<br \/>\nTel.: 01 (343) 432 0493 ext. 101<br \/>\npresidenciatapalpa@hotmail.com<\/p>\n<p>&nbsp;<\/p>\n","protected":false},"excerpt":{"rendered":"<p>Secretar\u00eda de Turismo Portal Morelos s\/n Plaza Principal Centro. Tapalpa, Jalisco, M\u00e9xico. Tel\u00e9fonos: 01(343) 432-0650 ext.125 &nbsp; Protecci\u00f3n Civil y bomberos Hospital en Tapalpa, M\u00e9xico Direcci\u00f3n: Carretera Guadalajara &#8211; Tapalpa, El Calabozo, 45640 Tapalpa, Jal. Tel\u00e9fono: 01 343 432 0363 Ver mapa &nbsp; Presidencia Municipal Titular: Lic. Carlos Campos de la Torre Domicilio: Agust\u00edn Y\u00e1\u00f1ez #2 Tel.: 01 (343) 432 0493 ext. 101 presidenciatapalpa@hotmail.com &nbsp;<\/p>\n","protected":false},"author":2,"featured_media":0,"parent":1162,"menu_order":4,"comment_status":"closed","ping_status":"closed","template":"","meta":{"ngg_post_thumbnail":0,"footnotes":""},"_links":{"self":[{"href":"https:\/\/elrobletapalpa.com.mx\/portal\/index.php?rest_route=\/wp\/v2\/pages\/1126"}],"collection":[{"href":"https:\/\/elrobletapalpa.com.mx\/portal\/index.php?rest_route=\/wp\/v2\/pages"}],"about":[{"href":"https:\/\/elrobletapalpa.com.mx\/portal\/index.php?rest_route=\/wp\/v2\/types\/page"}],"author":[{"embeddable":true,"href":"https:\/\/elrobletapalpa.com.mx\/portal\/index.php?rest_route=\/wp\/v2\/users\/2"}],"replies":[{"embeddable":true,"href":"https:\/\/elrobletapalpa.com.mx\/portal\/index.php?rest_route=%2Fwp%2Fv2%2Fcomments&post=1126"}],"version-history":[{"count":4,"href":"https:\/\/elrobletapalpa.com.mx\/portal\/index.php?rest_route=\/wp\/v2\/pages\/1126\/revisions"}],"predecessor-version":[{"id":1130,"href":"https:\/\/elrobletapalpa.com.mx\/portal\/index.php?rest_route=\/wp\/v2\/pages\/1126\/revisions\/1130"}],"up":[{"embeddable":true,"href":"https:\/\/elrobletapalpa.com.mx\/portal\/index.php?rest_route=\/wp\/v2\/pages\/1162"}],"wp:attachment":[{"href":"https:\/\/elrobletapalpa.com.mx\/portal\/index.php?rest_route=%2Fwp%2Fv2%2Fmedia&parent=1126"}],"curies":[{"name":"wp","href":"https:\/\/api.w.org\/{rel}","templated":true}]}}